{"id":178,"date":"2023-11-06T15:03:33","date_gmt":"2023-11-06T18:03:33","guid":{"rendered":"https:\/\/sigmatransformadores.com.br\/?page_id=178"},"modified":"2025-03-12T15:37:06","modified_gmt":"2025-03-12T18:37:06","slug":"qualidade","status":"publish","type":"page","link":"https:\/\/sigmatransformadores.com.br\/index.php\/qualidade\/","title":{"rendered":"Qualidade"},"content":{"rendered":"<p>[et_pb_section fb_built=&#8221;1&#8243; _builder_version=&#8221;4.23&#8243; _module_preset=&#8221;default&#8221; background_image=&#8221;https:\/\/sigmatransformadores.com.br\/wp-content\/uploads\/2023\/11\/fundo-qualidade.jpg&#8221; width=&#8221;100%&#8221; max_width=&#8221;100%&#8221; custom_margin=&#8221;0px||0px||true|false&#8221; custom_padding=&#8221;3%||3%||true|false&#8221; global_colors_info=&#8221;{}&#8221;][et_pb_row use_custom_gutter=&#8221;on&#8221; gutter_width=&#8221;1&#8243; _builder_version=&#8221;4.23&#8243; _module_preset=&#8221;default&#8221; width=&#8221;100%&#8221; max_width=&#8221;100%&#8221; module_alignment=&#8221;center&#8221; global_colors_info=&#8221;{}&#8221;][et_pb_column type=&#8221;4_4&#8243; _builder_version=&#8221;4.23&#8243; _module_preset=&#8221;default&#8221; custom_padding=&#8221;0px|0px|0px|0px|true|true&#8221; global_colors_info=&#8221;{}&#8221;][\/et_pb_column][\/et_pb_row][\/et_pb_section][et_pb_section fb_built=&#8221;1&#8243; _builder_version=&#8221;4.23&#8243; _module_preset=&#8221;default&#8221; custom_padding=&#8221;||||false|false&#8221; global_colors_info=&#8221;{}&#8221;][et_pb_row _builder_version=&#8221;4.23&#8243; _module_preset=&#8221;default&#8221; global_colors_info=&#8221;{}&#8221;][et_pb_column type=&#8221;4_4&#8243; _builder_version=&#8221;4.23&#8243; _module_preset=&#8221;default&#8221; global_colors_info=&#8221;{}&#8221;][et_pb_text _builder_version=&#8221;4.23&#8243; _module_preset=&#8221;default&#8221; text_font=&#8221;|800|||||||&#8221; text_font_size=&#8221;32px&#8221; text_line_height=&#8221;1.3em&#8221; global_colors_info=&#8221;{}&#8221;]<\/p>\n<p>Compromisso com a qualidade<\/p>\n<p>[\/et_pb_text][et_pb_text _builder_version=&#8221;4.23&#8243; _module_preset=&#8221;default&#8221; text_font=&#8221;Open Sans||||||||&#8221; global_colors_info=&#8221;{}&#8221;]<\/p>\n<div class=\"col-lg-6\">\n<p><span>Como forma de comprovar o nosso compromisso com a qualidade de nossos produtos, somos homologados pelo INMETRO e nossos processos certificados pela norma ISO 9001.<\/span><\/p>\n<\/div>\n<p>[\/et_pb_text][et_pb_image src=&#8221;https:\/\/sigmatransformadores.com.br\/wp-content\/uploads\/2023\/11\/Imagem-1.png&#8221; title_text=&#8221;Imagem 1&#8243; _builder_version=&#8221;4.23&#8243; _module_preset=&#8221;default&#8221; global_colors_info=&#8221;{}&#8221;][\/et_pb_image][\/et_pb_column][\/et_pb_row][et_pb_row _builder_version=&#8221;4.23&#8243; _module_preset=&#8221;default&#8221; global_colors_info=&#8221;{}&#8221;][et_pb_column type=&#8221;4_4&#8243; _builder_version=&#8221;4.23&#8243; _module_preset=&#8221;default&#8221; global_colors_info=&#8221;{}&#8221;][et_pb_text _builder_version=&#8221;4.23&#8243; _module_preset=&#8221;default&#8221; text_font=&#8221;Open Sans||||||||&#8221; global_colors_info=&#8221;{}&#8221;]<\/p>\n<div class=\"col-lg-6\">\n<p><span>Buscamos melhorar continuamente nosso sistema de gest\u00e3o integrado, atrav\u00e9s da seguinte pol\u00edtica de gest\u00e3o integrada:<\/span><\/p>\n<\/div>\n<p>[\/et_pb_text][et_pb_text _builder_version=&#8221;4.23&#8243; _module_preset=&#8221;default&#8221; text_font=&#8221;Open Sans|800|||||||&#8221; text_font_size=&#8221;24px&#8221; global_colors_info=&#8221;{}&#8221;]<\/p>\n<p>Qualidade<\/p>\n<p>[\/et_pb_text][et_pb_text _builder_version=&#8221;4.23&#8243; _module_preset=&#8221;default&#8221; text_font=&#8221;Open Sans||||||||&#8221; global_colors_info=&#8221;{}&#8221;]<\/p>\n<div class=\"col-lg-6\">\n<p><span>A Sigma Equipamentos El\u00e9tricos Ltda., se compromete em fornecer produtos e servi\u00e7os de excel\u00eancia, com responsabilidade social e ambiental, que atendam as expectativas dos clientes e requisitos legais aplic\u00e1veis, buscando a melhoria cont\u00ednua do Sistema de Gest\u00e3o Integrado e atendimento aos objetivos estrat\u00e9gicos.<\/span><\/p>\n<\/div>\n<p>[\/et_pb_text][et_pb_text _builder_version=&#8221;4.23&#8243; _module_preset=&#8221;default&#8221; text_font=&#8221;Open Sans|800|||||||&#8221; text_font_size=&#8221;24px&#8221; global_colors_info=&#8221;{}&#8221;]<\/p>\n<p>Meio ambiente<\/p>\n<p>[\/et_pb_text][et_pb_text _builder_version=&#8221;4.23&#8243; _module_preset=&#8221;default&#8221; text_font=&#8221;Open Sans||||||||&#8221; global_colors_info=&#8221;{}&#8221;]<\/p>\n<div class=\"col-lg-6\">\n<p><span>\u00c9 nosso compromisso zelar pela preserva\u00e7\u00e3o e respeito ao meio ambiente, visando a constante diminui\u00e7\u00e3o dos impactos gerados por nossa opera\u00e7\u00e3o e produtos, cumprindo com as leis ambientais e outros requisitos aplic\u00e1veis. Buscamos influenciar as partes interessadas a aderir ao prop\u00f3sito da prote\u00e7\u00e3o ao meio ambiente e preven\u00e7\u00e3o da polu\u00e7\u00e3o.<\/span><\/p>\n<\/div>\n<p>[\/et_pb_text][et_pb_text _builder_version=&#8221;4.23&#8243; _module_preset=&#8221;default&#8221; text_font=&#8221;Open Sans|800|||||||&#8221; text_font_size=&#8221;24px&#8221; global_colors_info=&#8221;{}&#8221;]<\/p>\n<p>Seguran\u00e7a<\/p>\n<p>[\/et_pb_text][et_pb_text _builder_version=&#8221;4.23&#8243; _module_preset=&#8221;default&#8221; text_font=&#8221;Open Sans||||||||&#8221; global_colors_info=&#8221;{}&#8221;]<\/p>\n<div class=\"col-lg-6\">\n<p><span>Promover e zelar pela seguran\u00e7a, sa\u00fade f\u00edsica e mental de todos, colaboradores e visitantes. Prover condi\u00e7\u00f5es de trabalho adequadas, buscando constantemente eliminar perigos e diminuir os riscos associados as atividades, cumprindo com a legisla\u00e7\u00e3o e outros requisitos de sa\u00fade e seguran\u00e7a aplic\u00e1veis. \u00e9 responsabilidade de todos os envolvidos nas atividades cumprir com as normas estabelecidas.<\/span><\/p>\n<\/div>\n<p>[\/et_pb_text][\/et_pb_column][\/et_pb_row][\/et_pb_section][et_pb_section fb_built=&#8221;1&#8243; _builder_version=&#8221;4.23&#8243; _module_preset=&#8221;default&#8221; background_color=&#8221;#E02B20&#8243; background_image=&#8221;https:\/\/sigmatransformadores.com.br\/wp-content\/uploads\/2023\/11\/fundo-parallax-qualidade.jpg&#8221; parallax=&#8221;on&#8221; locked=&#8221;off&#8221; global_colors_info=&#8221;{}&#8221;][et_pb_row _builder_version=&#8221;4.23&#8243; _module_preset=&#8221;default&#8221; global_colors_info=&#8221;{}&#8221;][et_pb_column type=&#8221;4_4&#8243; _builder_version=&#8221;4.23&#8243; _module_preset=&#8221;default&#8221; global_colors_info=&#8221;{}&#8221;][et_pb_text _builder_version=&#8221;4.23&#8243; _module_preset=&#8221;default&#8221; text_font=&#8221;Open Sans||||||||&#8221; text_text_color=&#8221;#FFFFFF&#8221; text_font_size=&#8221;32px&#8221; header_3_font=&#8221;Open Sans||||||||&#8221; header_3_text_color=&#8221;#FFFFFF&#8221; header_3_font_size=&#8221;32px&#8221; header_3_line_height=&#8221;1.3em&#8221; text_orientation=&#8221;center&#8221; custom_margin=&#8221;||8px||false|false&#8221; custom_padding=&#8221;||0px||false|false&#8221; global_colors_info=&#8221;{}&#8221;]<\/p>\n<h3>Compromisso em entregar produtos com alta tecnologia e garantia de seguran\u00e7a.<\/h3>\n<p>[\/et_pb_text][\/et_pb_column][\/et_pb_row][\/et_pb_section][et_pb_section fb_built=&#8221;1&#8243; _builder_version=&#8221;4.23&#8243; _module_preset=&#8221;default&#8221; global_colors_info=&#8221;{}&#8221;][et_pb_row _builder_version=&#8221;4.23&#8243; _module_preset=&#8221;default&#8221; global_colors_info=&#8221;{}&#8221;][et_pb_column type=&#8221;4_4&#8243; _builder_version=&#8221;4.23&#8243; _module_preset=&#8221;default&#8221; global_colors_info=&#8221;{}&#8221;][et_pb_text _builder_version=&#8221;4.23&#8243; _module_preset=&#8221;default&#8221; text_font=&#8221;Open Sans|800|||||||&#8221; text_font_size=&#8221;24px&#8221; global_colors_info=&#8221;{}&#8221;]<\/p>\n<p>ISO 9001<\/p>\n<p>[\/et_pb_text][et_pb_text _builder_version=&#8221;4.23&#8243; _module_preset=&#8221;default&#8221; text_font=&#8221;Open Sans||||||||&#8221; global_colors_info=&#8221;{}&#8221;]<\/p>\n<div class=\"col-lg-6\">\n<p>Escopo t\u00e9cnico da certifica\u00e7\u00e3o:\u00a0\u201cDesenvolvimento, Fabrica\u00e7\u00e3o e Reforma de Transformadores de Distribui\u00e7\u00e3o de Energia El\u00e9trica com pot\u00eancia de 10 kVA at\u00e9 300 kVA.&#8221;\u00a0<\/p>\n<p>\u00a0As normas da International Organization for Standardization (Organiza\u00e7\u00e3o Internacional para normaliza\u00e7\u00e3o t\u00e9cnica) possuem um papel muito importante na gest\u00e3o da qualidade, a norma ISO 9001 \u00e9 a mais ampla das normas para sistema de qualidade, pois envolve a empresa como um todo, desde o projeto at\u00e9 a assist\u00eancia t\u00e9cnica.<\/p>\n<p>Essa norma certifica os Sistemas de Gest\u00e3o da Qualidade e define quais s\u00e3o os requisitos necess\u00e1rios para dar confian\u00e7a aos produtos e servi\u00e7os fornecidos por uma organiza\u00e7\u00e3o, visando sempre a satisfa\u00e7\u00e3o do cliente e melhorias dos produtos e processos.<\/p>\n<\/div>\n<p>[\/et_pb_text][et_pb_button button_url=&#8221;https:\/\/sigmatransformadores.com.br\/wp-content\/uploads\/2025\/02\/CERTIFICADO-ISO-9001-2027-1.pdf?download=1&#8243; url_new_window=&#8221;on&#8221; button_text=&#8221;Fa\u00e7a o download do nosso certificado&#8221; button_alignment=&#8221;left&#8221; _builder_version=&#8221;4.23&#8243; _module_preset=&#8221;default&#8221; custom_button=&#8221;on&#8221; button_text_size=&#8221;16px&#8221; button_text_color=&#8221;#FFFFFF&#8221; button_bg_color=&#8221;#E02B20&#8243; button_bg_use_color_gradient=&#8221;on&#8221; button_bg_color_gradient_stops=&#8221;#cd251a 0%|#a31c18 100%&#8221; button_border_width=&#8221;0px&#8221; button_border_radius=&#8221;4px&#8221; button_font=&#8221;Open Sans||||||||&#8221; button_use_icon=&#8221;off&#8221; custom_padding=&#8221;14px|48px|14px|48px|true|true&#8221; locked=&#8221;off&#8221; global_colors_info=&#8221;{}&#8221; button_bg_color__hover_enabled=&#8221;on|hover&#8221; button_bg_color__hover=&#8221;#E02B20&#8243;][\/et_pb_button][et_pb_text _builder_version=&#8221;4.23&#8243; _module_preset=&#8221;default&#8221; text_font=&#8221;Open Sans|800|||||||&#8221; text_font_size=&#8221;24px&#8221; global_colors_info=&#8221;{}&#8221;]<\/p>\n<p>INMETRO<\/p>\n<p>[\/et_pb_text][et_pb_text _builder_version=&#8221;4.23&#8243; _module_preset=&#8221;default&#8221; text_font=&#8221;Open Sans||||||||&#8221; global_colors_info=&#8221;{}&#8221;]<\/p>\n<div class=\"col-lg-6\">\n<p><span>A Sigma Equipamentos El\u00e9tricos Ltda, est\u00e1 devidamente homologada para dispor em seus Transformadores, a Etiqueta Nacional de Conserva\u00e7\u00e3o de Energia (ENCE), demonstrando total comprometimento da empresa em atender as exig\u00eancias do Programa Brasileiro de Etiquetagem \u2013 PBE, coordenado pelo Instituto Nacional de Metrologia, Qualidade e Tecnologia \u2013 INMETRO,\u00a0 certificando que o fabricante e o produto est\u00e3o aprovados no referido Programa.\u00a0<\/span><\/p>\n<p><span>A Sigma Equipamentos El\u00e9tricos foi uma das primeiras empresas a conquistar a homologa\u00e7\u00e3o para a reforma dos transformadores etiquetados. A obrigatoriedade do atendimento ao PBE, esta regulamentado pela Portaria Interministerial N\u00ba 104, de 22 de mar\u00e7o de 2013 do Minist\u00e9rio de Estado de Minas e Energia, da Ci\u00eancia, Tecnologia e Inova\u00e7\u00e3o. Esta regulamenta\u00e7\u00e3o \u00e9 aplic\u00e1vel a transformadores de distribui\u00e7\u00e3o a \u00f3leo at\u00e9 300 KVA.<\/span><\/p>\n<p><span>Cabe ao INMETRO a responsabilidade e autoridade de fiscaliza\u00e7\u00e3o na produ\u00e7\u00e3o e etiquetagem dos produtos, sem pr\u00e9vio aviso ao fabricante. De forma geral, os produtos fabricados pela Sigma, est\u00e3o de acordo com as a exig\u00eancias da portaria e do PBE. A lista atualizadas dos fabricantes autorizados pelo Programa Brasileiro de Etiquetagem est\u00e1 dispon\u00edvel no web site oficial do INMETRO.<\/span><\/p>\n<\/div>\n<p>[\/et_pb_text][et_pb_button button_url=&#8221;https:\/\/sigmatransformadores.com.br\/wp-content\/uploads\/2023\/11\/Transformadores-NOVOS-Curva-C-2023-10-02.pdf&#8221; button_text=&#8221;Lista INMETRO&#8221; button_alignment=&#8221;left&#8221; _builder_version=&#8221;4.23&#8243; _module_preset=&#8221;default&#8221; custom_button=&#8221;on&#8221; button_text_size=&#8221;16px&#8221; button_text_color=&#8221;#FFFFFF&#8221; button_bg_color=&#8221;#E02B20&#8243; button_bg_use_color_gradient=&#8221;on&#8221; button_bg_color_gradient_stops=&#8221;#cd251a 0%|#a31c18 100%&#8221; button_border_width=&#8221;0px&#8221; button_border_radius=&#8221;4px&#8221; button_font=&#8221;Open Sans||||||||&#8221; button_use_icon=&#8221;off&#8221; custom_padding=&#8221;14px|48px|14px|48px|true|true&#8221; hover_enabled=&#8221;0&#8243; locked=&#8221;off&#8221; global_colors_info=&#8221;{}&#8221; button_bg_color__hover_enabled=&#8221;on|hover&#8221; button_bg_color__hover=&#8221;#E02B20&#8243; url_new_window=&#8221;on&#8221; sticky_enabled=&#8221;0&#8243;][\/et_pb_button][\/et_pb_column][\/et_pb_row][\/et_pb_section]<\/p>\n","protected":false},"excerpt":{"rendered":"<p>Compromisso com a qualidade Como forma de comprovar o nosso compromisso com a qualidade de nossos produtos, somos homologados pelo INMETRO e nossos processos certificados pela norma ISO 9001. Buscamos melhorar continuamente nosso sistema de gest\u00e3o integrado, atrav\u00e9s da seguinte pol\u00edtica de gest\u00e3o integrada: Qualidade A Sigma Equipamentos El\u00e9tricos Ltda., se compromete em fornecer produtos [&hellip;]<\/p>\n","protected":false},"author":1,"featured_media":411,"parent":0,"menu_order":0,"comment_status":"closed","ping_status":"closed","template":"","meta":{"_et_pb_use_builder":"on","_et_pb_old_content":"","_et_gb_content_width":"","footnotes":""},"_links":{"self":[{"href":"https:\/\/sigmatransformadores.com.br\/index.php\/wp-json\/wp\/v2\/pages\/178"}],"collection":[{"href":"https:\/\/sigmatransformadores.com.br\/index.php\/wp-json\/wp\/v2\/pages"}],"about":[{"href":"https:\/\/sigmatransformadores.com.br\/index.php\/wp-json\/wp\/v2\/types\/page"}],"author":[{"embeddable":true,"href":"https:\/\/sigmatransformadores.com.br\/index.php\/wp-json\/wp\/v2\/users\/1"}],"replies":[{"embeddable":true,"href":"https:\/\/sigmatransformadores.com.br\/index.php\/wp-json\/wp\/v2\/comments?post=178"}],"version-history":[{"count":13,"href":"https:\/\/sigmatransformadores.com.br\/index.php\/wp-json\/wp\/v2\/pages\/178\/revisions"}],"predecessor-version":[{"id":5275,"href":"https:\/\/sigmatransformadores.com.br\/index.php\/wp-json\/wp\/v2\/pages\/178\/revisions\/5275"}],"wp:featuredmedia":[{"embeddable":true,"href":"https:\/\/sigmatransformadores.com.br\/index.php\/wp-json\/wp\/v2\/media\/411"}],"wp:attachment":[{"href":"https:\/\/sigmatransformadores.com.br\/index.php\/wp-json\/wp\/v2\/media?parent=178"}],"curies":[{"name":"wp","href":"https:\/\/api.w.org\/{rel}","templated":true}]}}