{"id":137,"date":"2023-11-06T10:30:33","date_gmt":"2023-11-06T13:30:33","guid":{"rendered":"https:\/\/sigmatransformadores.com.br\/?page_id=137"},"modified":"2023-11-09T11:07:14","modified_gmt":"2023-11-09T14:07:14","slug":"servicos","status":"publish","type":"page","link":"https:\/\/sigmatransformadores.com.br\/index.php\/servicos\/","title":{"rendered":"Servi\u00e7os"},"content":{"rendered":"\n[et_pb_section fb_built=&#8221;1&#8243; _builder_version=&#8221;4.23&#8243; _module_preset=&#8221;default&#8221; background_image=&#8221;https:\/\/sigmatransformadores.com.br\/wp-content\/uploads\/2023\/11\/img-topo-servicos-1.png&#8221; width=&#8221;100%&#8221; max_width=&#8221;100%&#8221; custom_margin=&#8221;0px||0px||true|false&#8221; custom_padding=&#8221;3%||3%||true|false&#8221; hover_enabled=&#8221;0&#8243; global_colors_info=&#8221;{}&#8221; theme_builder_area=&#8221;post_content&#8221; title_text=&#8221;img-topo-servicos&#8221; sticky_enabled=&#8221;0&#8243;][et_pb_row use_custom_gutter=&#8221;on&#8221; gutter_width=&#8221;1&#8243; _builder_version=&#8221;4.23&#8243; _module_preset=&#8221;default&#8221; width=&#8221;100%&#8221; max_width=&#8221;100%&#8221; module_alignment=&#8221;center&#8221; global_colors_info=&#8221;{}&#8221; theme_builder_area=&#8221;post_content&#8221;][et_pb_column type=&#8221;4_4&#8243; _builder_version=&#8221;4.23&#8243; _module_preset=&#8221;default&#8221; custom_padding=&#8221;0px|0px|0px|0px|true|true&#8221; global_colors_info=&#8221;{}&#8221; theme_builder_area=&#8221;post_content&#8221;][\/et_pb_column][\/et_pb_row][\/et_pb_section][et_pb_section fb_built=&#8221;1&#8243; _builder_version=&#8221;4.23&#8243; _module_preset=&#8221;default&#8221; custom_padding=&#8221;4%||5%||false|false&#8221; global_colors_info=&#8221;{}&#8221; theme_builder_area=&#8221;post_content&#8221;][et_pb_row _builder_version=&#8221;4.23&#8243; _module_preset=&#8221;default&#8221; theme_builder_area=&#8221;post_content&#8221; custom_margin=&#8221;-7%||0px||false|false&#8221; custom_padding=&#8221;0px||0px||true|false&#8221; hover_enabled=&#8221;0&#8243; sticky_enabled=&#8221;0&#8243;][et_pb_column _builder_version=&#8221;4.23&#8243; _module_preset=&#8221;default&#8221; type=&#8221;4_4&#8243; theme_builder_area=&#8221;post_content&#8221;][et_pb_image src=&#8221;https:\/\/sigmatransformadores.com.br\/wp-content\/uploads\/2023\/11\/Produtos-topo.png&#8221; _builder_version=&#8221;4.23&#8243; _module_preset=&#8221;default&#8221; theme_builder_area=&#8221;post_content&#8221; title_text=&#8221;Produtos topo&#8221; align=&#8221;right&#8221; hover_enabled=&#8221;0&#8243; sticky_enabled=&#8221;0&#8243;][\/et_pb_image][\/et_pb_column][\/et_pb_row][et_pb_row _builder_version=&#8221;4.23&#8243; _module_preset=&#8221;default&#8221; global_colors_info=&#8221;{}&#8221; theme_builder_area=&#8221;post_content&#8221;][et_pb_column type=&#8221;4_4&#8243; _builder_version=&#8221;4.23&#8243; _module_preset=&#8221;default&#8221; global_colors_info=&#8221;{}&#8221; theme_builder_area=&#8221;post_content&#8221;][et_pb_text _builder_version=&#8221;4.23&#8243; _module_preset=&#8221;default&#8221; theme_builder_area=&#8221;post_content&#8221; text_font=&#8221;Open Sans|800|||||||&#8221; text_font_size=&#8221;32px&#8221; hover_enabled=&#8221;0&#8243; sticky_enabled=&#8221;0&#8243;]<p>Nossos servi\u00e7os<\/p>[\/et_pb_text][et_pb_text _builder_version=&#8221;4.23&#8243; _module_preset=&#8221;default&#8221; theme_builder_area=&#8221;post_content&#8221; text_font=&#8221;Open Sans|700|||||||&#8221; text_font_size=&#8221;18px&#8221; hover_enabled=&#8221;0&#8243; sticky_enabled=&#8221;0&#8243;]<p>MANUTEN\u00c7\u00c3O<\/p>[\/et_pb_text][\/et_pb_column][\/et_pb_row][et_pb_row _builder_version=&#8221;4.23&#8243; _module_preset=&#8221;default&#8221; theme_builder_area=&#8221;post_content&#8221;][et_pb_column _builder_version=&#8221;4.23&#8243; _module_preset=&#8221;default&#8221; type=&#8221;4_4&#8243; theme_builder_area=&#8221;post_content&#8221;][et_pb_text _builder_version=&#8221;4.23&#8243; _module_preset=&#8221;default&#8221; theme_builder_area=&#8221;post_content&#8221; hover_enabled=&#8221;0&#8243; sticky_enabled=&#8221;0&#8243;]<div class=\"col-lg\">\n<p><span><strong>A SIGMA\u00a0<\/strong>conta com uma excelente estrutura para a manuten\u00e7\u00e3o de transformadores de distribui\u00e7\u00e3o e for\u00e7a. Os equipamentos recebidos para conserto passam por criteriosa avalia\u00e7\u00e3o para identificar a causa da avaria. Tais informa\u00e7\u00f5es s\u00e3o repassadas para o cliente para que o mesmo avalie e autorize a manuten\u00e7\u00e3o.<\/span><\/p>\n<p><span>Os equipamentos recebem o tratamento adequado para que operem de acordo com a norma vigente. Caso necess\u00e1rio, o mesmo \u00e9 reprojetado para atender as especifica\u00e7\u00f5es necess\u00e1rias.<\/span><\/p>\n<p><span>O tanque do transformador tamb\u00e9m passa por criteriosa avalia\u00e7\u00e3o, verificando pontos de vazamento, ferrugens e outras avarias. Todos os tanques recebem o adequado tratamento para retirar as impurezas e ferrugens da superf\u00edcie, para isso, \u00e9 utilizado um moderno processo de jateamento com granalha de a\u00e7o. A seguir, \u00e9 realizada a pintura interna e externa do tanque, conforme especifica\u00e7\u00e3o do cliente. Caso o tanque n\u00e3o possua condi\u00e7\u00f5es de uso, o mesmo \u00e9 substitu\u00eddo por um tanque novo.<\/span><\/p>\n<p><span>O \u00f3leo do transformador passa primeiramente por uma triagem. Em seguida uma amostra de \u00f3leo \u00e9 encaminhada para an\u00e1lise de PCB. O \u00f3leo aprovado segue para o processo de regenera\u00e7\u00e3o para que o mesmo recupere suas caracter\u00edsticas de pureza e isola\u00e7\u00e3o. Ap\u00f3s este processo s\u00e3o realizadas outras an\u00e1lises para garantir que o \u00f3leo possua as condi\u00e7\u00f5es ideais de opera\u00e7\u00e3o.\u00a0<\/span><\/p>\n<\/div>\n<div class=\"col-lg\">\n<p><span>A parte ativa do transformador passa por um processo de secagem em estufa com temperatura controlada, a fim de retirar toda a umidade contida na mesma. \u00c9 utilizado um meg\u00f4hmetro de alta precis\u00e3o para verificar e garantir a isola\u00e7\u00e3o necess\u00e1ria.<\/span><\/p>\n<p><span>A inser\u00e7\u00e3o do \u00f3leo isolante \u00e9 realizada em c\u00e2mara de v\u00e1cuo, o que facilita a penetra\u00e7\u00e3o de \u00f3leo na parte ativa do transformador, pois retira microbolhas de ar que ficam presas nas bobinas, e que podem causar descargas parciais ao se ionizarem durante o ensaio de tens\u00e3o aplicada. O v\u00e1cuo tende a reduzir a umidade do ar antes de fazer o enchimento do transformador.<\/span><\/p>\n<p><span>Todos os transformadores passam pelos ensaios de rotina relacionados abaixo. Os ensaios acompanham o equipamento.<\/span><\/p>\n<p><span><br \/><\/span><\/p>\n<p><span>\u2022Resist\u00eancia dos enrolamentos;<\/span><\/p>\n<p><span>\u2022Resist\u00eancia de isolamento;\u00a0<\/span><\/p>\n<p><span>\u2022Polaridade;\u00a0<\/span><\/p>\n<p><span>\u2022Rela\u00e7\u00e3o de transforma\u00e7\u00e3o;\u00a0<\/span><\/p>\n<p><span>\u2022Corrente de excita\u00e7\u00e3o e perdas em vazio;\u00a0<\/span><\/p>\n<p><span>\u2022Tens\u00e3o de curto circuito e perdas em carga;\u00a0<\/span><\/p>\n<p><span>\u2022Tens\u00e3o aplicada AT e BT;<\/span><\/p>\n<p><span>\u2022Tens\u00e3o induzida;<\/span><\/p>\n<p><span>\u2022Estanqueidade e resist\u00eancia a press\u00e3o;<\/span><\/p>\n<p><span>\u2022Ensaios de rotina no \u00f3leo isolante, teor de PCB e enxofre corrosivo.<\/span><\/p>\n<\/div>[\/et_pb_text][\/et_pb_column][\/et_pb_row][\/et_pb_section]\n","protected":false},"excerpt":{"rendered":"<p>Nossos servi\u00e7osMANUTEN\u00c7\u00c3O A SIGMA\u00a0conta com uma excelente estrutura para a manuten\u00e7\u00e3o de transformadores de distribui\u00e7\u00e3o e for\u00e7a. Os equipamentos recebidos para conserto passam por criteriosa avalia\u00e7\u00e3o para identificar a causa da avaria. Tais informa\u00e7\u00f5es s\u00e3o repassadas para o cliente para que o mesmo avalie e autorize a manuten\u00e7\u00e3o. Os equipamentos recebem o tratamento adequado para [&hellip;]<\/p>\n","protected":false},"author":1,"featured_media":411,"parent":0,"menu_order":0,"comment_status":"closed","ping_status":"closed","template":"","meta":{"_et_pb_use_builder":"on","_et_pb_old_content":"","_et_gb_content_width":"","footnotes":""},"_links":{"self":[{"href":"https:\/\/sigmatransformadores.com.br\/index.php\/wp-json\/wp\/v2\/pages\/137"}],"collection":[{"href":"https:\/\/sigmatransformadores.com.br\/index.php\/wp-json\/wp\/v2\/pages"}],"about":[{"href":"https:\/\/sigmatransformadores.com.br\/index.php\/wp-json\/wp\/v2\/types\/page"}],"author":[{"embeddable":true,"href":"https:\/\/sigmatransformadores.com.br\/index.php\/wp-json\/wp\/v2\/users\/1"}],"replies":[{"embeddable":true,"href":"https:\/\/sigmatransformadores.com.br\/index.php\/wp-json\/wp\/v2\/comments?post=137"}],"version-history":[{"count":8,"href":"https:\/\/sigmatransformadores.com.br\/index.php\/wp-json\/wp\/v2\/pages\/137\/revisions"}],"predecessor-version":[{"id":419,"href":"https:\/\/sigmatransformadores.com.br\/index.php\/wp-json\/wp\/v2\/pages\/137\/revisions\/419"}],"wp:featuredmedia":[{"embeddable":true,"href":"https:\/\/sigmatransformadores.com.br\/index.php\/wp-json\/wp\/v2\/media\/411"}],"wp:attachment":[{"href":"https:\/\/sigmatransformadores.com.br\/index.php\/wp-json\/wp\/v2\/media?parent=137"}],"curies":[{"name":"wp","href":"https:\/\/api.w.org\/{rel}","templated":true}]}}